{"id":3527,"date":"2024-05-23T23:29:55","date_gmt":"2024-05-24T02:29:55","guid":{"rendered":"https:\/\/www.lubercorretora.com.br\/site\/?page_id=3527"},"modified":"2024-05-27T23:01:21","modified_gmt":"2024-05-28T02:01:21","slug":"automovel","status":"publish","type":"page","link":"https:\/\/www.lubercorretora.com.br\/site\/seguros-pessoa-fisica\/automovel\/","title":{"rendered":"Autom\u00f3vel"},"content":{"rendered":"\t\t<div data-elementor-type=\"wp-page\" data-elementor-id=\"3527\" class=\"elementor elementor-3527\" data-elementor-settings=\"{&quot;ha_cmc_init_switcher&quot;:&quot;no&quot;}\" data-elementor-post-type=\"page\">\n\t\t\t\t<div class=\"elementor-element elementor-element-98c0591 e-con-full e-flex e-con e-parent\" data-id=\"98c0591\" data-element_type=\"container\" data-e-type=\"container\" data-settings=\"{&quot;_ha_eqh_enable&quot;:false,&quot;ekit_has_onepagescroll_dot&quot;:&quot;yes&quot;}\">\n\t\t\t\t<div class=\"elementor-element elementor-element-4c109cd elementor-widget elementor-widget-template\" data-id=\"4c109cd\" data-element_type=\"widget\" data-e-type=\"widget\" data-settings=\"{&quot;ekit_we_effect_on&quot;:&quot;none&quot;}\" data-widget_type=\"template.default\">\n\t\t\t\t<div class=\"elementor-widget-container\">\n\t\t\t\t\t\t\t<div class=\"elementor-template\">\n\t\t\t\t\t<div data-elementor-type=\"section\" data-elementor-id=\"4535\" class=\"elementor elementor-4535\" data-elementor-settings=\"{&quot;ha_cmc_init_switcher&quot;:&quot;no&quot;}\" data-elementor-post-type=\"elementor_library\">\n\t\t\t<div class=\"elementor-element elementor-element-017952c e-con-full e-flex e-con e-parent\" data-id=\"017952c\" data-element_type=\"container\" data-e-type=\"container\" data-settings=\"{&quot;_ha_eqh_enable&quot;:false,&quot;ekit_has_onepagescroll_dot&quot;:&quot;yes&quot;}\">\n\t\t<div class=\"elementor-element elementor-element-6b024f3 e-flex e-con-boxed e-con e-child\" data-id=\"6b024f3\" data-element_type=\"container\" data-e-type=\"container\" data-settings=\"{&quot;background_background&quot;:&quot;gradient&quot;,&quot;_ha_eqh_enable&quot;:false,&quot;ekit_has_onepagescroll_dot&quot;:&quot;yes&quot;}\">\n\t\t\t\t\t<div class=\"e-con-inner\">\n\t\t\t\t<div class=\"elementor-element elementor-element-d625b4e elementor-widget elementor-widget-heading\" data-id=\"d625b4e\" data-element_type=\"widget\" data-e-type=\"widget\" data-settings=\"{&quot;ekit_we_effect_on&quot;:&quot;none&quot;}\" data-widget_type=\"heading.default\">\n\t\t\t\t<div class=\"elementor-widget-container\">\n\t\t\t\t\t<h1 class=\"elementor-heading-title elementor-size-default\">Autom\u00f3vel<\/h1>\t\t\t\t<\/div>\n\t\t\t\t<\/div>\n\t\t\t\t\t<\/div>\n\t\t\t\t<\/div>\n\t\t\t\t<\/div>\n\t\t\t\t<\/div>\n\t\t\t\t<\/div>\n\t\t\t\t\t\t<\/div>\n\t\t\t\t<\/div>\n\t\t\t\t<\/div>\n\t\t<div class=\"elementor-element elementor-element-54c1bdb e-flex e-con-boxed e-con e-parent\" data-id=\"54c1bdb\" data-element_type=\"container\" data-e-type=\"container\" data-settings=\"{&quot;_ha_eqh_enable&quot;:false,&quot;ekit_has_onepagescroll_dot&quot;:&quot;yes&quot;}\">\n\t\t\t\t\t<div class=\"e-con-inner\">\n\t\t\t\t<div class=\"elementor-element elementor-element-d1d0967 elementor-widget elementor-widget-template\" data-id=\"d1d0967\" data-element_type=\"widget\" data-e-type=\"widget\" data-settings=\"{&quot;ekit_we_effect_on&quot;:&quot;none&quot;}\" data-widget_type=\"template.default\">\n\t\t\t\t<div class=\"elementor-widget-container\">\n\t\t\t\t\t\t\t<div class=\"elementor-template\">\n\t\t\t\t\t<div data-elementor-type=\"section\" data-elementor-id=\"4543\" class=\"elementor elementor-4543\" data-elementor-settings=\"{&quot;ha_cmc_init_switcher&quot;:&quot;no&quot;}\" data-elementor-post-type=\"elementor_library\">\n\t\t\t<div class=\"elementor-element elementor-element-7bdb8e1 e-flex e-con-boxed e-con e-parent\" data-id=\"7bdb8e1\" data-element_type=\"container\" data-e-type=\"container\" data-settings=\"{&quot;_ha_eqh_enable&quot;:false,&quot;ekit_has_onepagescroll_dot&quot;:&quot;yes&quot;}\">\n\t\t\t\t\t<div class=\"e-con-inner\">\n\t\t\t\t<div class=\"elementor-element elementor-element-0dda037 elementor-widget elementor-widget-image\" data-id=\"0dda037\" data-element_type=\"widget\" data-e-type=\"widget\" data-settings=\"{&quot;ekit_we_effect_on&quot;:&quot;none&quot;}\" data-widget_type=\"image.default\">\n\t\t\t\t<div class=\"elementor-widget-container\">\n\t\t\t\t\t\t\t\t\t\t\t\t\t\t\t<img fetchpriority=\"high\" decoding=\"async\" width=\"1980\" height=\"750\" src=\"https:\/\/www.lubercorretora.com.br\/site\/wp-content\/uploads\/2024\/05\/Seguro-Automo\u0301vel.jpg\" class=\"attachment-full size-full wp-image-4504\" alt=\"\" srcset=\"https:\/\/www.lubercorretora.com.br\/site\/wp-content\/uploads\/2024\/05\/Seguro-Automo\u0301vel.jpg 1980w, https:\/\/www.lubercorretora.com.br\/site\/wp-content\/uploads\/2024\/05\/Seguro-Automo\u0301vel-300x114.jpg 300w, https:\/\/www.lubercorretora.com.br\/site\/wp-content\/uploads\/2024\/05\/Seguro-Automo\u0301vel-1024x388.jpg 1024w, https:\/\/www.lubercorretora.com.br\/site\/wp-content\/uploads\/2024\/05\/Seguro-Automo\u0301vel-768x291.jpg 768w, https:\/\/www.lubercorretora.com.br\/site\/wp-content\/uploads\/2024\/05\/Seguro-Automo\u0301vel-1536x582.jpg 1536w\" sizes=\"(max-width: 1980px) 100vw, 1980px\" \/>\t\t\t\t\t\t\t\t\t\t\t\t\t\t\t<\/div>\n\t\t\t\t<\/div>\n\t\t\t\t\t<\/div>\n\t\t\t\t<\/div>\n\t\t\t\t<\/div>\n\t\t\t\t<\/div>\n\t\t\t\t\t\t<\/div>\n\t\t\t\t<\/div>\n\t\t\t\t\t<\/div>\n\t\t\t\t<\/div>\n\t\t<div class=\"elementor-element elementor-element-4ec3b94 e-flex e-con-boxed e-con e-parent\" data-id=\"4ec3b94\" data-element_type=\"container\" data-e-type=\"container\" data-settings=\"{&quot;_ha_eqh_enable&quot;:false,&quot;ekit_has_onepagescroll_dot&quot;:&quot;yes&quot;}\">\n\t\t\t\t\t<div class=\"e-con-inner\">\n\t\t<div class=\"elementor-element elementor-element-de07ad4 e-con-full e-flex e-con e-child\" data-id=\"de07ad4\" data-element_type=\"container\" data-e-type=\"container\" data-settings=\"{&quot;_ha_eqh_enable&quot;:false,&quot;ekit_has_onepagescroll_dot&quot;:&quot;yes&quot;}\">\n\t\t\t\t<div class=\"elementor-element elementor-element-db4e489 elementor-widget elementor-widget-heading\" data-id=\"db4e489\" data-element_type=\"widget\" data-e-type=\"widget\" data-settings=\"{&quot;ekit_we_effect_on&quot;:&quot;none&quot;}\" data-widget_type=\"heading.default\">\n\t\t\t\t<div class=\"elementor-widget-container\">\n\t\t\t\t\t<h3 class=\"elementor-heading-title elementor-size-default\">O acidente come\u00e7a a ser evitado quando o ve\u00edculo \u00e9 bem segurado<\/h3>\t\t\t\t<\/div>\n\t\t\t\t<\/div>\n\t\t\t\t<div class=\"elementor-element elementor-element-a7dfdd4 elementor-widget elementor-widget-text-editor\" data-id=\"a7dfdd4\" data-element_type=\"widget\" data-e-type=\"widget\" data-settings=\"{&quot;ekit_we_effect_on&quot;:&quot;none&quot;}\" data-widget_type=\"text-editor.default\">\n\t\t\t\t<div class=\"elementor-widget-container\">\n\t\t\t\t\t\t\t\t\t<p data-ccp-border-bottom=\"0px none #e3e3e3\" data-ccp-padding-bottom=\"0px\" data-ccp-border-between=\"0px none #e3e3e3\" data-ccp-padding-between=\"0px\">O seguro Autom\u00f3vel visa cobrir os preju\u00edzos causados a seu ve\u00edculo, que podem ser ocasionados por colis\u00e3o, inc\u00eandio e roubo. Quando contratada a cobertura para terceiros (RCF), ele tamb\u00e9m indeniza os danos materiais e corporais em poss\u00edveis sinistros originados pelo segurado.<\/p>\n<p data-ccp-border-bottom=\"0px none #e3e3e3\" data-ccp-padding-bottom=\"0px\" data-ccp-border-between=\"0px none #e3e3e3\" data-ccp-padding-between=\"0px\"><span style=\"font-size: var(--rs-fs-p); font-weight: var(--rs-fw-normal); color: var( --e-global-color-secondary ); font-family: var(--rs-ff-body);\">Na Luber, voc\u00ea encontra solu\u00e7\u00f5es personalizadas e atendimento especializado para seu seguro Auto, com as coberturas que voc\u00ea precisa. Por isso, \u00e9 importante que seu perfil seja preenchido com todo cuidado e aten\u00e7\u00e3o e que as informa\u00e7\u00f5es prestadas e caracter\u00edsticas do bem\/ve\u00edculo estejam corretas, de forma a n\u00e3o comprometer um poss\u00edvel sinistro e sua indeniza\u00e7\u00e3o.<\/span><\/p>\n<p data-ccp-border-bottom=\"0px none #e3e3e3\" data-ccp-padding-bottom=\"0px\" data-ccp-border-between=\"0px none #e3e3e3\" data-ccp-padding-between=\"0px\">Al\u00e9m disso, a Luber Seguros trabalha em parceria com as melhores seguradoras do setor, com o objetivo de oferecer prote\u00e7\u00e3o e tranquilidade, a cada um de seus clientes. Nosso papel \u00e9 analisar os riscos aos quais o segurado est\u00e1 exposto e buscar o produto mais adequado \u00e0s suas necessidades, considerando sempre o melhor custo x benef\u00edcio.<\/p>\n<p data-ccp-border-bottom=\"0px none #e3e3e3\" data-ccp-padding-bottom=\"0px\" data-ccp-border-between=\"0px none #e3e3e3\" data-ccp-padding-between=\"0px\">\n<\/p>\t\t\t\t\t\t\t\t<\/div>\n\t\t\t\t<\/div>\n\t\t\t\t<div class=\"elementor-element elementor-element-9c46850 elementor-widget elementor-widget-heading\" data-id=\"9c46850\" data-element_type=\"widget\" data-e-type=\"widget\" data-settings=\"{&quot;ekit_we_effect_on&quot;:&quot;none&quot;}\" data-widget_type=\"heading.default\">\n\t\t\t\t<div class=\"elementor-widget-container\">\n\t\t\t\t\t<h3 class=\"elementor-heading-title elementor-size-default\">Coberturas<\/h3>\t\t\t\t<\/div>\n\t\t\t\t<\/div>\n\t\t\t\t<div class=\"elementor-element elementor-element-eb3ea53 elementor-widget elementor-widget-text-editor\" data-id=\"eb3ea53\" data-element_type=\"widget\" data-e-type=\"widget\" data-settings=\"{&quot;ekit_we_effect_on&quot;:&quot;none&quot;}\" data-widget_type=\"text-editor.default\">\n\t\t\t\t<div class=\"elementor-widget-container\">\n\t\t\t\t\t\t\t\t\t<h3 class=\"et_pb_module_header\"><span style=\"font-size: 16px;\">ACESS\u00d3RIOS<\/span><\/h3><div class=\"et_pb_blurb_description\"><p>Garante a indeniza\u00e7\u00e3o por perdas para acess\u00f3rios (equipamentos de som e afins), equipamentos, carrocerias e similares, desde que tais bens estejam discriminados na ap\u00f3lice.**<\/p><\/div>\t\t\t\t\t\t\t\t<\/div>\n\t\t\t\t<\/div>\n\t\t\t\t<div class=\"elementor-element elementor-element-17a3e2f elementor-widget elementor-widget-text-editor\" data-id=\"17a3e2f\" data-element_type=\"widget\" data-e-type=\"widget\" data-settings=\"{&quot;ekit_we_effect_on&quot;:&quot;none&quot;}\" data-widget_type=\"text-editor.default\">\n\t\t\t\t<div class=\"elementor-widget-container\">\n\t\t\t\t\t\t\t\t\t<h3><span style=\"font-size: 16px;\">CARRO RESERVA<\/span><\/h3><div><p>Garante a loca\u00e7\u00e3o de um ve\u00edculo extra, por um prazo m\u00ednimo de 7 dias, para utiliza\u00e7\u00e3o em caso de um sinistro com seu autom\u00f3vel, em evento coberto pelo seguro.<\/p><\/div>\t\t\t\t\t\t\t\t<\/div>\n\t\t\t\t<\/div>\n\t\t\t\t<div class=\"elementor-element elementor-element-ba84678 elementor-widget elementor-widget-text-editor\" data-id=\"ba84678\" data-element_type=\"widget\" data-e-type=\"widget\" data-settings=\"{&quot;ekit_we_effect_on&quot;:&quot;none&quot;}\" data-widget_type=\"text-editor.default\">\n\t\t\t\t<div class=\"elementor-widget-container\">\n\t\t\t\t\t\t\t\t\t<h3><span style=\"font-size: 16px;\">DANOS A VIDROS, LANTERNAS, FAR\u00d3IS E RETROVISORES DO VE\u00cdCULO<\/span><\/h3><div><p>Em caso de quebra ou trinca nos vidros (p\u00e1ra-brisa, laterais e traseiro) ou retrovisores externos (lente\/espelho e carca\u00e7a), lanternas e far\u00f3is do seu ve\u00edculo, voc\u00ea tem direito a troca ou reparo dos mesmos.<\/p><\/div>\t\t\t\t\t\t\t\t<\/div>\n\t\t\t\t<\/div>\n\t\t\t\t<div class=\"elementor-element elementor-element-8d3392e elementor-widget elementor-widget-text-editor\" data-id=\"8d3392e\" data-element_type=\"widget\" data-e-type=\"widget\" data-settings=\"{&quot;ekit_we_effect_on&quot;:&quot;none&quot;}\" data-widget_type=\"text-editor.default\">\n\t\t\t\t<div class=\"elementor-widget-container\">\n\t\t\t\t\t\t\t\t\t<h3><span style=\"font-size: 16px;\">ACIDENTES PESSOAIS DE PASSAGEIROS (APP)<\/span><\/h3><div><p>Garante indeniza\u00e7\u00e3o ao motorista e passageiros do ve\u00edculo \u2013 ou a seus benefici\u00e1rios legais \u2013 em caso de acidente que os atinja e que resulte em morte ou invalidez permanente. Despesas Extraordin\u00e1rias: reembolsa as despesas que voc\u00ea possa vir a ter, at\u00e9 o limite m\u00e1ximo de indeniza\u00e7\u00e3o, quando ficar sem o seu ve\u00edculo por indeniza\u00e7\u00e3o integral.<\/p><\/div>\t\t\t\t\t\t\t\t<\/div>\n\t\t\t\t<\/div>\n\t\t\t\t<div class=\"elementor-element elementor-element-3a3e66c elementor-widget elementor-widget-text-editor\" data-id=\"3a3e66c\" data-element_type=\"widget\" data-e-type=\"widget\" data-settings=\"{&quot;ekit_we_effect_on&quot;:&quot;none&quot;}\" data-widget_type=\"text-editor.default\">\n\t\t\t\t<div class=\"elementor-widget-container\">\n\t\t\t\t\t\t\t\t\t<p><em>**Demais acess\u00f3rios est\u00e3o inclu\u00eddos no valor destinado ao ve\u00edculo (casco) n\u00e3o se aplicando a eles a exig\u00eancia acima. Eles ter\u00e3o, por\u00e9m, a cobran\u00e7a da mesma franquia fixada ao ve\u00edculo.<\/em><\/p>\t\t\t\t\t\t\t\t<\/div>\n\t\t\t\t<\/div>\n\t\t\t\t<\/div>\n\t\t<div class=\"elementor-element elementor-element-740f121 e-con-full e-flex e-con e-child\" data-id=\"740f121\" data-element_type=\"container\" data-e-type=\"container\" data-settings=\"{&quot;background_background&quot;:&quot;classic&quot;,&quot;_ha_eqh_enable&quot;:false,&quot;ekit_has_onepagescroll_dot&quot;:&quot;yes&quot;}\">\n\t\t\t\t<div class=\"elementor-element elementor-element-599daf1 elementor-widget elementor-widget-template\" data-id=\"599daf1\" data-element_type=\"widget\" data-e-type=\"widget\" data-settings=\"{&quot;ekit_we_effect_on&quot;:&quot;none&quot;}\" data-widget_type=\"template.default\">\n\t\t\t\t<div class=\"elementor-widget-container\">\n\t\t\t\t\t\t\t<div class=\"elementor-template\">\n\t\t\t\t\t<div data-elementor-type=\"container\" data-elementor-id=\"3769\" class=\"elementor elementor-3769\" data-elementor-settings=\"{&quot;ha_cmc_init_switcher&quot;:&quot;no&quot;}\" data-elementor-post-type=\"elementor_library\">\n\t\t\t\t<div class=\"elementor-element elementor-element-3947ac39 e-flex e-con-boxed e-con e-child\" data-id=\"3947ac39\" data-element_type=\"container\" data-e-type=\"container\" data-settings=\"{&quot;_ha_eqh_enable&quot;:false,&quot;ekit_has_onepagescroll_dot&quot;:&quot;yes&quot;}\">\n\t\t\t\t\t<div class=\"e-con-inner\">\n\t\t\t\t<div class=\"elementor-element elementor-element-3d9b6bbb elementor-widget elementor-widget-heading\" data-id=\"3d9b6bbb\" data-element_type=\"widget\" data-e-type=\"widget\" data-settings=\"{&quot;ekit_we_effect_on&quot;:&quot;none&quot;}\" data-widget_type=\"heading.default\">\n\t\t\t\t<div class=\"elementor-widget-container\">\n\t\t\t\t\t<h3 class=\"elementor-heading-title elementor-size-default\">Cota\u00e7\u00e3o<\/h3>\t\t\t\t<\/div>\n\t\t\t\t<\/div>\n\t\t\t\t<div class=\"elementor-element elementor-element-21ba8928 fluent-form-widget-step-header-yes fluent-form-widget-step-progressbar-yes fluentform-widget-submit-button-custom elementor-widget elementor-widget-fluent-form-widget\" data-id=\"21ba8928\" data-element_type=\"widget\" data-e-type=\"widget\" data-settings=\"{&quot;ekit_we_effect_on&quot;:&quot;none&quot;}\" data-widget_type=\"fluent-form-widget.default\">\n\t\t\t\t<div class=\"elementor-widget-container\">\n\t\t\t\t\t\n            <div class=\"fluentform-widget-wrapper fluentform-widget-align-default\">\n\n            \n            <div class='fluentform ff-default fluentform_wrapper_3 ffs_default_wrap'><form data-form_id=\"3\" id=\"fluentform_3\" class=\"frm-fluent-form fluent_form_3 ff-el-form-top ff_form_instance_3_1 ff-form-loading ffs_default\" data-form_instance=\"ff_form_instance_3_1\" method=\"POST\" ><fieldset  style=\"border: none!important;margin: 0!important;padding: 0!important;background-color: transparent!important;box-shadow: none!important;outline: none!important; min-inline-size: 100%;\">\n                    <legend class=\"ff_screen_reader_title\" style=\"display: block; margin: 0!important;padding: 0!important;height: 0!important;text-indent: -999999px;width: 0!important;overflow:hidden;\">03 - Cota\u00e7\u00e3o<\/legend><input type='hidden' name='__fluent_form_embded_post_id' value='3527' \/><input type=\"hidden\" id=\"_fluentform_3_fluentformnonce\" name=\"_fluentform_3_fluentformnonce\" value=\"55025f6fea\" \/><input type=\"hidden\" name=\"_wp_http_referer\" value=\"\/site\/wp-json\/wp\/v2\/pages\/3527\" \/><input type=\"hidden\" name=\"produto\" value=\"Autom\u00f3vel\" data-name=\"produto\" ><input type=\"hidden\" name=\"seguro_imagem\" data-name=\"seguro_imagem\" ><div class=\"ff-el-group\" data-name=\"shortcode-3_1\" ><input type=\"hidden\" name=\"seguro_imagem\" data-name=\"seguro_imagem\" value=https:\/\/www.lubercorretora.com.br\/site\/wp-content\/uploads\/2024\/05\/Seguro-Automo\u0301vel.jpg \/><\/div><div class='ff-el-group'><div class='ff-el-input--content'><input type=\"text\" name=\"input_text\" class=\"ff-el-form-control\" placeholder=\"Nome\" data-name=\"input_text\" id=\"ff_3_input_text\"  aria-invalid=\"false\" aria-required=true><\/div><\/div><div class='ff-el-group'><div class='ff-el-input--content'><input type=\"text\" name=\"input_mask\" data-mask=\"(99) 9 9999-9999\" class=\"ff-el-form-control\" placeholder=\"WhatsApp\" data-name=\"input_mask\" id=\"ff_3_input_mask\"  aria-invalid=\"false\" aria-required=false><\/div><\/div><div class='ff-el-group'><div class='ff-el-input--content'><input type=\"email\" name=\"email\" id=\"ff_3_email\" class=\"ff-el-form-control\" placeholder=\"E-mail\" data-name=\"email\"  aria-invalid=\"false\" aria-required=true><\/div><\/div><div class='ff-el-group'><div class='ff-el-input--content'><textarea aria-required=\"true\" aria-labelledby=\"label_ff_3_message\" name=\"message\" id=\"ff_3_message\" class=\"ff-el-form-control\" placeholder=\"Sua mensagem\" rows=\"4\" cols=\"2\" data-name=\"message\" ><\/textarea><\/div><\/div><div class='ff-el-group ' ><div class='ff-el-input--content'><div data-fluent_id='3' name='g-recaptcha-response'><div\n\t\tdata-sitekey='6LcQIJIdAAAAADhyIRsGNaYaOXyu6OrjujWbFoiA'\n\t\tid='fluentform-recaptcha-3-1'\n\t\tclass='ff-el-recaptcha g-recaptcha'\n\t\tdata-callback='fluentFormrecaptchaSuccessCallback'><\/div><\/div><\/div><\/div><div class='ff-el-group ff-text-left ff_submit_btn_wrapper'><button type=\"submit\" class=\"ff-btn ff-btn-submit ff-btn-lg ff_btn_style\"  aria-label=\"Enviar\">Enviar<\/button><\/div><\/fieldset><\/form><div id='fluentform_3_errors' class='ff-errors-in-stack ff_form_instance_3_1 ff-form-loading_errors ff_form_instance_3_1_errors'><\/div><\/div>            <script type=\"text\/javascript\">\n                window.fluent_form_ff_form_instance_3_1 = {\"id\":\"3\",\"settings\":{\"layout\":{\"labelPlacement\":\"top\",\"helpMessagePlacement\":\"with_label\",\"errorMessagePlacement\":\"inline\",\"cssClassName\":\"\",\"asteriskPlacement\":\"asterisk-right\"},\"restrictions\":{\"denyEmptySubmission\":{\"enabled\":false}}},\"form_instance\":\"ff_form_instance_3_1\",\"form_id_selector\":\"fluentform_3\",\"rules\":{\"input_text\":{\"required\":{\"value\":true,\"message\":\"Preencha com seu nome\",\"global_message\":\"This field is required\",\"global\":false}},\"input_mask\":{\"required\":{\"value\":false,\"message\":\"Este campo \\u00e9 obrigat\\u00f3rio\",\"global_message\":\"This field is required\",\"global\":true}},\"email\":{\"required\":{\"value\":true,\"message\":\"Preencha com seu e-mail\",\"global\":false,\"global_message\":\"This field is required\"},\"email\":{\"value\":true,\"message\":\"Preencha com um e-mail v\\u00e1lido\",\"global\":false,\"global_message\":\"This field must contain a valid email\"}},\"message\":{\"required\":{\"value\":true,\"message\":\"Preencha com sua menasgem\",\"global\":false,\"global_message\":\"This field is required\"}},\"g-recaptcha-response\":[]},\"debounce_time\":300};\n                            <\/script>\n                        <\/div>\n\n            \t\t\t\t<\/div>\n\t\t\t\t<\/div>\n\t\t\t\t\t<\/div>\n\t\t\t\t<\/div>\n\t\t\t\t<\/div>\n\t\t\t\t<\/div>\n\t\t\t\t\t\t<\/div>\n\t\t\t\t<\/div>\n\t\t\t\t<\/div>\n\t\t\t\t\t<\/div>\n\t\t\t\t<\/div>\n\t\t\t\t<\/div>\n\t\t","protected":false},"excerpt":{"rendered":"<p>O acidente come\u00e7a a ser evitado quando o ve\u00edculo \u00e9 bem segurado O seguro Autom\u00f3vel visa cobrir os preju\u00edzos causados a seu ve\u00edculo, que podem ser ocasionados por colis\u00e3o, inc\u00eandio e roubo. Quando contratada a cobertura para terceiros (RCF), ele tamb\u00e9m indeniza os danos materiais e corporais em poss\u00edveis sinistros originados pelo segurado. Na Luber, [&hellip;]<\/p>\n","protected":false},"author":1,"featured_media":4504,"parent":3515,"menu_order":0,"comment_status":"closed","ping_status":"closed","template":"elementor_header_footer","meta":{"_acf_changed":false,"footnotes":""},"class_list":["post-3527","page","type-page","status-publish","has-post-thumbnail","hentry"],"acf":[],"_links":{"self":[{"href":"https:\/\/www.lubercorretora.com.br\/site\/wp-json\/wp\/v2\/pages\/3527","targetHints":{"allow":["GET"]}}],"collection":[{"href":"https:\/\/www.lubercorretora.com.br\/site\/wp-json\/wp\/v2\/pages"}],"about":[{"href":"https:\/\/www.lubercorretora.com.br\/site\/wp-json\/wp\/v2\/types\/page"}],"author":[{"embeddable":true,"href":"https:\/\/www.lubercorretora.com.br\/site\/wp-json\/wp\/v2\/users\/1"}],"replies":[{"embeddable":true,"href":"https:\/\/www.lubercorretora.com.br\/site\/wp-json\/wp\/v2\/comments?post=3527"}],"version-history":[{"count":0,"href":"https:\/\/www.lubercorretora.com.br\/site\/wp-json\/wp\/v2\/pages\/3527\/revisions"}],"up":[{"embeddable":true,"href":"https:\/\/www.lubercorretora.com.br\/site\/wp-json\/wp\/v2\/pages\/3515"}],"wp:featuredmedia":[{"embeddable":true,"href":"https:\/\/www.lubercorretora.com.br\/site\/wp-json\/wp\/v2\/media\/4504"}],"wp:attachment":[{"href":"https:\/\/www.lubercorretora.com.br\/site\/wp-json\/wp\/v2\/media?parent=3527"}],"curies":[{"name":"wp","href":"https:\/\/api.w.org\/{rel}","templated":true}]}}